alue of -6 + 7 + (1 - (-2 + 0))?
4
What is the value of 5 - -5 - 7 - -2?
5
(-2 - -1) + 0 - (-124 + 128)
-5
52 + -52 + 6 + 0
6
What is -9 - (-10 - -9) - -5?
-3
What is -7 + (3 - 1) + 1?
-4
What is 0 - 7 - (-6 + (0 - -4))?
-5
What is the value of 14 - 8 - (2 - 2 - -2)?
4
Calculate (3 - 6 - 1) + 9 + -5.
0
What is -1 - (2 - 3) - (-56 + 53)?
3
What is 9 + (0 - (0 - -4))?
5
Calculate -10 + -2 + -64 + 71.
-5
Calculate 4 + (1 - (2 - -2 - 1)).
2
Evaluate (-2 - 6) + (-2 - -11).
1
What is 5 + -2 + (-3 - (2 - 7))?
5
What is the value of (3 - (1 - (8 + -8))) + -5?
-3
What is (-11 - 3) + 4 + (13 - 10)?
-7
Calculate -4 + 10 - (-2 - (-6 + -2)).
0
What is (3 - 0) + (-129 - -127)?
1
What is the value of 1 + 1 + (7 - (-6 - -12))?
3
(-2 + -7 - -20) + -7
4
What is (-9 - -5 - -4) + 1?
1
Evaluate (1 + -7 - (8 + -11)) + -2.
-5
Evaluate -2 - (-6 - (-4 + 4)).
4
12 - 19 - (-8 - 2)
3
What is the value of 5 - (-1 + 6) - (-2 + 1)?
1
(-5 - -7) + -1 + -6
-5
Calculate -1 + 0 + (-6 - -8).
1
Calculate -4 + 6 + 3 + -3.
2
-5 + 2 - (-7 + (-1 - -10))
-5
What is 6 - (0 - -2 - 1)?
5
Calculate -1 - -12 - (-22 - -9 - -20).
4
Calculate 76 + -78 - (0 - -2).
-4
1 - 8 - (-38 + 36)
-5
What is -4 + (-2 - (1 + 1 + -5))?
-3
3 + 7 + -3 - (-5 - -10)
2
What is the value of 10 + (4 - 9 - -1) - 4?
2
What is -6 + (1 + 4 - -3) + -3?
-1
What is the value of (-3 - (-4 + 5)) + 10?
6
Calculate -1 + (8 - 5) + -4.
-2
What is the value of -1 + -5 - (-19 + 7 - -9)?
-3
Evaluate (0 - -2) + 5 + -4 + 5.
8
0 + 4 - (-26 + 24)
6
What is (-5 - (2 - (3 - -1))) + 8?
5
What is -1 + ((-2 - -3) + -1 - -3)?
2
What is the value of (1 - -4 - 3) + (5 - 7)?
0
What is the value of 3 + 0 + (4 - (-11 + 10))?
8
Evaluate 3 - ((1 - 0) + (1 - 1)).
2
Calculate -1 + 1 - (-34 + 37).
-3
0 + (-2 - -1) + -2
-3
Calculate 4 - (-2 + -1 + 4 + -1).
4
What is 12 + 4 - 5 - 5?
6
Evaluate 27 + -8 - 9 - 4.
6
What is -3 + 0 + 2 + -1 - 0?
-2
Calculate -7 - (-17 + 6) - 1.
3
Calculate (3 - (2 + 2)) + (2 - 4).
-3
-6 + (11 - 9) + (-1 - 3)
-8
Calculate 4 - 0 - (1 + -3 + 4).
2
What is the value of 3 + (5 - 4) + (0 - 0)?
4
Calculate 3 + (6 - (-3 - -20 - 4)).
-4
6 - (4 + 2 + 5)
-5
-11 + 12 + (0 - 0)
1
What is the value of -6 + ((-2 - 3) + 4 - -12)?
5
Evaluate -6 + (6 - (-8 + 7) - 0).
1
What is the value of (-2 - 7) + (2 - -4)?
-3
What is the value of (-12 - -13) + (-1 - (-4 - -2))?
2
Evaluate (-1 - 0 - -3) + (13 - 11).
4
What is the value of 3 - (-12 + (-3 - -18))?
0
11 - 2 - 4 - (-38 + 34)
9
Evaluate -3 - (-15 + (0 - -8)).
4
Calculate -14 + 2 - (16 + -29).
1
What is (0 - -2) + 6 + -7 + 0?
1
What is 1 + -2 - (-6 + 8)?
-3
What is 0 + 5 + 0 - (8 - 1)?
-2
Calculate 7 + 7 + -14 - (-6 + 0).
6
Evaluate (0 - (-1 + -3)) + -6.
-2
Evaluate 11 + -3 + -13 + 5.
0
Evaluate 4 + -2 + -5 - 1.
-4
-5 + 0 + 3 + 4
2
What is 6 - (14 - (1 - -3))?
-4
8 + -7 + (3 - 4 - 2)
-2
What is the value of 2 + (2 - 1) + -2?
1
(-6 - 4) + 6 - -10
6
What is the value of -2 - 0 - (10 + -4) - -3?
-5
Evaluate -2 + (2 - (2 - 8)).
6
28 + -21 - (2 + 2)
3
0 - 0 - (22 - 25)
3
What is the value of -5 - (-11 - (-4 - 3 - -2))?
1
What is 0 + 1 - (4 + 0)?
-3
3 - (0 - -2 - -6)
-5
What is the value of 0 + 9 + 3 + -11?
1
What is the value of 1 + 2 + 6 + -6 - -2?
5
What is 4 + 7 + -13 + (-6 - 0)?
-8
Evaluate 3 - (6 + -6 + 0 + 1).
2
Evaluate 0 - (1 - (2 + 0)).
1
What is -3 + (-5 - -8) + -3?
-3
What is the value of (16 + -14 - (0 - 2)) + -4?
0
(5 - 8) + 4 + -2
-1
Evaluate -9 + -6 + (12 - (-5 - -8)).
-6
What is the value of 1 - (0 - -2) - (-6 - 0)?
5
-12 + 9 + 7 - -3
7
What is 10 - (5 + (7 - 8))?
6
Evaluate 0 - (-5 + 10) - 3.
-8
What is the value of 2 + -4 + 2 - 2?
-2
What is 4 + -3 + -2 + (-12 - -6)?
-7
What is -9 - ((4 - 8) + -2)?
-3
0 + (-4 + 5 - (2 - 1))
0
-3 + (-1 - -7) + -6 + 4
1
Evaluate (-4 - -3 - 3) + 4.
0
Evaluate (-10 + 7 + -5 - -3) + -4.
-9
-5 + 1 - (-9 + 6 + 0)
-1
Calculate 8 + (-4 - 3) + 3.
4
Calculate -5 - (0 + 3 + 1 - 7).
-2
(-45 - -54) + (-2 - (2 + -1))
6
What is the value of 7 + -8 + 3 + 3?
5
(1 - (1 + -3)) + 18 + -16
5
What is 2 - -1 - (10 - (-5 + 7))?
-5
What is the value of (-8 + -9 - -10) + 13?
6
Calculate 7 + -16 + (-8 - -17).
0
What is the value of (-3 + 2 - -5) + -3 + 1?
2
Evaluate (7 - 13) + (0 - (0 - -1)).
-7
Evaluate (4 - (0 + -3)) + 2.
9
What is 1 + 4 + 2 + -2?
5
2 + -3 + (-1 - 3) + 7
2
What is the value of -7 - (-5 + -6 + 7 + 1)?
-4
What is the value of 9 - (0 + (22 - 10))?
-3
What is -1 - 2 - (-28 - -25)?
0
What is (-5 - (-1 + -3 + 0)) + 3?
2
Calculate (-8 - (-1 + 3)) + 6.
-4
Calculate (5 + -5 - 6) + 5 + 4.
3
0 - (2 + -6 - (-10 - -1))
-5
Calculate 2 - ((-2 - 3) + 3).
4
-4 + 5 + -3 - -1 - 4
-5
What is the value of -7 + 2 + (-1 - (3 - 6))?
-3
Evaluate 14 + -2 + -6 + (-2 - -1).
5
What is 4 - (8 - (2 - -2)) - -4?
4
Evaluate 1 + (0 - 3 - 1) + -2.
-5
-3 + 7 + -8 + (2 - -2)
0
Evaluate 3 - (-2 - (6 + -4 + 0)).
7
Evaluate -2 - (-13 - -12 - 0).
-1
Calculate -2 - (0 - (3 - 4)) - -13.
10
8 - 15 - (-3 - 0) - -5
1
Calculate -3 + (-4 - (2 - 4)).
-5
What is the value of (-3 - 1) + 0 + 7?
3
Evaluate 10 - (1 + (4 - 3)).
8
7 + -3 + 7 + -8
3
Evaluate -6 - (0 + -4 + 2).
-4
2 + -2 + 3 - -4
7
Calculate 0 + 0 - 5 - (-4 + -7).
6
Evaluate 2 - 5 - -5 - (-1 + 4).
-1
Evaluate 18 - (6 - (6 - 11)).
7
Calculate (4 - 7) + (2 - 2).
-3
Evaluate (1 - 3) + 1 + 3 + 0.
2
Evaluate 3 + -5 + -2 + (17 - 15).
-2
Evaluate (5 - ((2 - 4) + 4)) + -6.
-3
Evaluate (16 - 4) + (9 - 16).
5
-8 + (-3 - ((-12 - 0) + 7))
-6
What is the value of -20 - (-5 - (1 - -4))?
-10
Evaluate 19 + -11 + -12 + 11.
7
What is the value of -2 + 38 + -38 + 0 + 2?
0
Evaluate (11 - (-11 - -11)) + -6.
5
Evaluate 0 + -2 + 2 + 0 - -3.
3
Calculate -12 + 9 - (-1 + -1 + -2).
1
Calculate -9 + (20 - 10 - 0).
1
Evaluate 39 - 37 - (1 - -1).
0
What is the value of -1 + 0 - (-8 - -15 - 6)?
-2
Calculate 1 + 2 - (5 + 5 + -3).
-4
Evaluate 4 + (5 - 7 - 4).
-2
17 - ((-4 - -27) + -10)
4
What is the value of -27 + 34 - (4 - 5)?
8
Evaluate 5 + (10 + (-7 - -5) - 6).
7
What is (0 - 5 - 9) + (1 - -6)?
-7
Evaluate (-19 + 6 - -17) + 1 + -3.
2
Calculate 17 + (-5 - (8 - 5)).
9
Evaluate (0 - -3) + (4 - 12).
-5
Calculate 180 + -181 + (1 - 0).
0
Calculate 1 - (-7 + 7 - 2).
3
Evaluate 3 + 0 + -1 - (-2 - -6).
-2
(7 - (6 + 6)) + 10
5
What is 6 + -9 - (0 + 1) - -1?
-3
Evaluate 0 - -1 - 5 - -7.
3
What is the value of 6 - 2 - 9 - 2?
-7
What is 1 - (4 - 1 - -3)?
-5
Calculate 2 - 1 - 7 - (-8 + 0).
2
What is the value of 2 - ((1 - -2) + (9 - 11))?
1
What is the value of 1 - -1 - -5 - 3?
4
Evaluate (5 - -7) + -10 + -2.
0
What is the value of (-1 - 0) + (5 - 5 - 0)?
-1
-3 - -13 - (1 + 4) - 10
-5
What is the value of (-8 + 9 - 0) + -1 + -5?
-5
Calculate 1 - (44 + -48 - (1 - 2)).
4
Calculate (28 - 16) + (4 - 11).
5
Evaluate (-14 - -11) + (7 - 0).
4
What is the value of -3 + -1 - -4 - -1 - 3?
-2
What is the value of -2 + 1 + 3 + -1?
1
Evaluate 12 - (-8 + -1) - 13.
8
What is (4 - -15) + -7 - 10?
2
What is -1 - (0 + -6) - (0 - -2)?
3
Evaluate 8 + 1 - (45 + -37).
1
What is the value of 4 + (-2 - 1) + -6 - -1?
-4
-2 + 4 - (2 - (2 + 1))
3
What is the value of -5 - (4 + -4 + (-2 - -2))?
-5
What is the value of -8 + 25 + -10 - 12?
-5
Evaluate -12 + (2 - -13) - 0.
3
What is the value of -8 + (-1 - (9 - 20))?
2
-2 - 2 - (-2 + (4 - 3))
-3
What is the value of 32 - 39 - (-1 - -3 - 4)?
-5
Calculate -18 + 6 + 7 - (-8 + 3).
0
Evaluate -1 + (9 - (5 - 1)).
4
-1 + 0 + (-3 - -7) + 2
5
Calculate 0 - 6 - (-60 + 51).
3
What is 7 + 1 + -5 + -5?
-2
33 + -32 - (0 + 2)
-1
Evaluate -1 - (-1 + -3 + 3).
0
Calculate -4 - 0 - (-18 - -5) - 3.
6
9 - (-3 - (-8 + 1))
5
Calculate 2 - (-7 - -17 - 3) - 0.
-5
Calculate (4 + 0 - 10) + (-1 - -2).
-5
What is the value of 0 + (-1 - 0) + (-1 - -1)?
-1
What is the value of -1 - (-2 + 7) - -2?
-4
5 + -7 + (0 - 0)
-2
-10 - -8 - (-2 + -3)
3
Calculate -14 - -6 - -13 - (7 + -3).
1
Evaluate (3 - -3) + -1 + 0.
5
What is the value of -18 - -9 - (-6 - -3)?
-6
What is the value of (4 - 0) + (0 - -3) - 4?
3
What is the value of 2 + (-6 + 0 - (5 + -9))?
0
Calculate -14 + 6 - (2 + 0 + -18).
8
-5 + -2 + 9 + (1 - 5)
-2
Calculate (12 + -6 - 2) + -5.
-1
What is 0 + -7 + (-18 - -16 - -12)?
3
What is 0 + (3 - (0 - -2)) + -5?
-4
What is -1 + (0 - -3) + -3 + 2?
1
What is the value of -2 - (4 + (-3 - 3))?
0
-5 + 0 + 2 + 2 + 6
5
(5 - -5 - 10) + 3
3
Calculate (0 - 1 - (-3 + 6)) + -1.
-5
Evaluate -2 + -1 + (15 - 3) +